mber?
True
Is 2318459807 a prime number?
False
Is 569798303 composite?
False
Is 13439136083 a composite number?
False
Is 3255002323 prime?
False
Is 378778627 prime?
False
Is 6381764437 composite?
True
Is 240477133 a prime number?
False
Is 31384608727 prime?
True
Is 370538534 prime?
False
Is 5592519887 a prime number?
False
Is 5961201739 composite?
False
Is 106871092087 a prime number?
False
Is 38382548783 a prime number?
True
Is 123560162809 a composite number?
False
Is 101917402373 a prime number?
True
Is 3496750991 composite?
False
Is 2400542101 prime?
True
Is 1266149407 a composite number?
False
Is 6271937797 a prime number?
False
Is 48363583 composite?
False
Is 1944550441 a composite number?
False
Is 27092132005 composite?
True
Is 113264771 a composite number?
True
Is 669455086 a composite number?
True
Is 126812880899 a composite number?
False
Is 1132385899 prime?
False
Is 197536907 a composite number?
True
Is 18917504369 composite?
True
Is 39109499519 a composite number?
False
Is 20728690447 composite?
False
Is 321009713 a composite number?
True
Is 4104345871 a prime number?
False
Is 14806728061 composite?
False
Is 20247996599 a composite number?
True
Is 15316888813 a composite number?
False
Is 6010886209 a composite number?
True
Is 1420216201 a prime number?
False
Is 26265523 composite?
True
Is 234080723 composite?
True
Is 42943201 composite?
True
Is 1067167993 a prime number?
True
Is 2673650143 a prime number?
True
Is 236643404731 a composite number?
False
Is 1127689831 prime?
True
Is 1270398785 a composite number?
True
Is 255773929 prime?
True
Is 814763423 composite?
False
Is 2220202069 prime?
False
Is 1825956589 composite?
True
Is 14131130219 a prime number?
True
Is 836350019 a composite number?
True
Is 124091263 a composite number?
True
Is 3351866873 a composite number?
True
Is 5956447421 prime?
True
Is 70970662487 composite?
False
Is 968111857 a composite number?
False
Is 1426807477 a composite number?
True
Is 6249704651 prime?
True
Is 44771466349 prime?
True
Is 3960247781 a composite number?
True
Is 37012541227 a composite number?
True
Is 23860722451 a composite number?
True
Is 964189879 composite?
True
Is 788355989 a prime number?
True
Is 2896150909 a composite number?
False
Is 2159056901 prime?
False
Is 150806389 a prime number?
False
Is 196998169 a composite number?
True
Is 3850479601 a prime number?
False
Is 1665810737 prime?
True
Is 530971709 prime?
False
Is 155559017 prime?
True
Is 12577834733 prime?
True
Is 16285511833 composite?
False
Is 13768245983 composite?
False
Is 116989786 a composite number?
True
Is 24184792733 a prime number?
True
Is 15173938979 prime?
True
Is 898798171 prime?
True
Is 663070042 composite?
True
Is 27701664455 composite?
True
Is 14620965283 a prime number?
True
Is 3684253343 a composite number?
True
Is 3318755411 prime?
True
Is 518393101 a prime number?
False
Is 3023925461 composite?
False
Is 440134115 composite?
True
Is 487525943 a prime number?
False
Is 47358412747 prime?
True
Is 5300695967 composite?
True
Is 16904072639 a prime number?
False
Is 62088729491 a composite number?
False
Is 4776841613 a composite number?
True
Is 2597850287 a prime number?
True
Is 19055671223 prime?
True
Is 1306922899 a composite number?
True
Is 28698987721 a composite number?
False
Is 10172544037 a prime number?
False
Is 221705997 a composite number?
True
Is 26090661131 prime?
True
Is 8231014618 composite?
True
Is 18970740353 prime?
False
Is 27318023 prime?
False
Is 997634359 prime?
True
Is 8646573707 prime?
True
Is 434708983 prime?
True
Is 1795429253 a composite number?
True
Is 420281657 prime?
True
Is 3065400287 composite?
True
Is 13933156843 composite?
True
Is 2792483497 composite?
False
Is 567184819 a composite number?
True
Is 108189689 prime?
True
Is 90312926161 a composite number?
True
Is 28229417603 composite?
True
Is 160373250974 a prime number?
False
Is 5858568323 prime?
True
Is 35522059169 a prime number?
False
Is 89679398483 a composite number?
False
Is 68417703622 prime?
False
Is 111645899 prime?
True
Is 26726958851 prime?
False
Is 229745380001 prime?
True
Is 1823547697 a composite number?
False
Is 104387091971 prime?
False
Is 13446157343 prime?
False
Is 7401318707 prime?
True
Is 6109161239 a composite number?
False
Is 2152813171 prime?
True
Is 543946961 a composite number?
False
Is 5813090567 a composite number?
False
Is 1653542843 composite?
False
Is 315213527 prime?
True
Is 293299943 prime?
True
Is 2186506657 composite?
True
Is 243117181 composite?
False
Is 148139072801 prime?
True
Is 5859649699 a composite number?
True
Is 941576953 a prime number?
False
Is 8097594707 a prime number?
False
Is 2111740417 a prime number?
True
Is 2508633041 a prime number?
False
Is 139715771959 a prime number?
False
Is 855482273 prime?
True
Is 1316611045 composite?
True
Is 9588491461 composite?
False
Is 4199186557 prime?
True
Is 345940513 a composite number?
True
Is 101415907147 composite?
False
Is 26874872407 composite?
True
Is 7294147303 a composite number?
False
Is 5010205987 composite?
False
Is 409817927 a prime number?
True
Is 956478694 prime?
False
Is 5885745521 prime?
True
Is 57765561533 composite?
True
Is 22024849129 prime?
True
Is 2196426223 composite?
False
Is 1065510469 prime?
False
Is 23596167079 composite?
True
Is 86165929 composite?
False
Is 45964287317 a prime number?
False
Is 2965769381 a composite number?
False
Is 199868678099 a prime number?
False
Is 69790817 prime?
False
Is 30028984001 prime?
False
Is 2302951909 composite?
True
Is 13629457817 a prime number?
False
Is 14944099 composite?
False
Is 7960752991 a composite number?
False
Is 1552419887 a composite number?
True
Is 681426023 a prime number?
False
Is 22882246297 prime?
False
Is 328585057 prime?
False
Is 24996636827 a prime number?
True
Is 48073369537 composite?
True
Is 4321951553 prime?
True
Is 4128964829 a composite number?
True
Is 3215902111 a composite number?
False
Is 23835306203 prime?
False
Is 2918572427 composite?
True
Is 83433469 composite?
True
Is 185710001 composite?
False
Is 12518998501 composite?
False
Is 23231473 composite?
False
Is 35312057843 a prime number?
False
Is 7387740793 prime?
True
Is 580967203 composite?
False
Is 19235163197 a prime number?
True
Is 18209703269 a prime number?
True
Is 95340485047 a prime number?
False
Is 751134751 a composite number?
True
Is 902909419 a prime number?
True
Is 46158472751 a composite number?
False
Is 3704781155 a prime number?
False
Is 8972006039 prime?
True
Is 53004379 a prime number?
False
Is 267198067 composite?
True
Is 397906321 a prime number?
True
Is 493732483 a prime number?
False
Is 212590163 prime?
True
Is 3564222682 a prime number?
False
Is 775504858 a prime number?
False
Is 8309358907 composite?
False
Is 63103897 a composite number?
False
Is 299804617 prime?
False
Is 1233862933 prime?
False
Is 302084051 a composite number?
True
Is 49695379 a composite number?
False
Is 565839121 a composite number?
True
Is 110222809 a prime number?
False
Is 249088437067 prime?
True
Is 998104411 prime?
True
Is 575103083 a prime number?
True
Is 377506637 a prime number?
False
Is 285602557 a prime number?
True
Is 982578169 composite?
False
Is 9702758687 a composite number?
True
Is 8146115591 a composite number?
False
Is 579781421 a prime number?
True
Is 273353911 a prime number?
False
Is 517298257 composite?
True
Is 20559351887 prime?
False
Is 2456287583 a prime number?
False
Is 2737793629 a composite number?
False
Is 23713229 prime?
True
Is 19829827219 composite?
False
Is 29019676891 a composite number?
True
Is 8935437793 a prime number?
True
Is 5575079885 a prime number?
False
Is 2740370873 a composite number?
False
Is 292373857 composite?
True
Is 7222916957 composite?
False
Is 92392591229 a composite number?
True
Is 15884261509 a prime number?
True
Is 237353423 composite?
True
Is 10053452369 a prime number?
True
Is 7018792579 a prime number?
False
Is 40345315607 prime?
True
Is 114663461053 a composite number?
False
Is 18894450469 prime?
True
Is 409486249 composite?
False
Is 1327970285 composite?
True
Is 4206978331 a prime number?
False
Is 31523604773 a composite number?
False
Is 27199112021 a prime number?
True
Is 28247876467 composite?
True
Is 637091171 prime?
True
Is 67432006241 composite?
False
